 1)). Let m = y + -4. Suppose 3*c - m*c + 108 = 0. Is 9 a factor of c?
True
Let b(s) = 3*s + 9. Let j be b(-5). Let g(x) = -3*x - 17. Let y be g(j). Does 8 divide 2 + 37 + 0 + y?
True
Let u(n) = 485*n - 86. Is u(4) a multiple of 32?
False
Let p(f) = 274*f - 536. Does 21 divide p(11)?
True
Suppose 0 = -3*h - 8 + 122. Is h a multiple of 2?
True
Let j(t) = -t**3 + 16*t**2 + 11*t - 22. Let v be j(17). Let s = 238 + v. Is 23 a factor of s?
False
Suppose -9 - 4 = q. Let x = 16 + q. Suppose 0*l - 90 = -3*o - 3*l, 4*o + x*l - 122 = 0. Does 11 divide o?
False
Suppose -2*w + 5*q + 3 = 18, 15 = 3*q. Suppose f + 1 = 0, 0 = w*j - 0*j + f - 494. Suppose -3*v = -j + 15. Is v a multiple of 8?
False
Let a(f) = f**3 + 20*f**2 + 33*f - 43. Let q be a(-19). Let d = -105 - q. Is 12 a factor of d?
True
Suppose 0 = 8*s - 5*s - 1989. Let p be (-2)/3 + s/9. Suppose 4*d + 17 = p. Is d a multiple of 14?
True
Suppose -4*a + g - 2*g - 75 = 0, 15 = 3*g. Does 33 divide 315/6*(7 - a/(-4))?
False
Let l = -1335 + 1731. Does 4 divide l?
True
Let x(y) be the second derivative of -y**5/20 + y**4/2 - y**3/6 + y**2 - y. Let u = 9 - 5. Is x(u) a multiple of 13?
False
Suppose -2*j + x - 75 = -7*j, 0 = 2*j + 3*x - 30. Does 2 divide j?
False
Suppose -3*t + 13 = 5*g, -2*g = -2*t - 2*t - 26. Suppose g*u + 12 - 2 = 0. Is 7 a factor of (48 - 1)/(u/(-2))?
False
Let h(k) = -k**3 - 3*k**2 + 3*k - 1. Let x be h(-4). Let a = 3 - x. Suppose a = 5*b + 2 - 57. Does 3 divide b?
False
Let t = 8 + -9. Let l be t*(2 + -2 + -3). Suppose -l*f + 25 = 2*f. Is f a multiple of 2?
False
Let h(g) = -g**2 + 13*g + 20. Suppose 3*o - 2*t = 53, 3*o = -2*o - t + 71. Let u be h(o). Let f(z) = -z + 11. Does 7 divide f(u)?
True
Suppose 2*q - 1 = -2*q + v, 5*q = 3*v - 4. Let w be 1 + q - -9*1. Let y = 38 - w. Is y a multiple of 9?
True
Let p be (-1)/(-3 + (-7)/(-2)). Let f(o) = 24*o**2 + 2*o - 1. Let z be f(p). Let h = z + -41. Is h a multiple of 10?
True
Let l(y) = 3*y - 24. Let m be (-14)/(-4)*80/28. Let f be l(m). Suppose 192 = f*a - 2*a. Is a a multiple of 16?
True
Suppose 5*n + 1947 = 4*t, -66 = t + 5*n - 559. Suppose -4*k - 5*d + 990 = 0, 2*k - d = -0*k + t. Is k a multiple of 33?
False
Suppose 15 = 3*u - 2*b + 11, -3*b = -3. Suppose -u*f = -3*f - 4, -3*o + 293 = 4*f. Is 4 a factor of o?
False
Suppose 3031 = 7*x - 287. Is 12 a factor of x?
False
Let v be (-6)/(-4) - (-2457)/(-26). Let j = -69 - v. Does 12 divide j?
True
Let r(l) = -21*l - 13. Let b(u) = -799*u - 493. Let v(j) = -4*b(j) + 153*r(j). Is 37 a factor of v(-8)?
False
Suppose 0 = -5*n - 0*n. Suppose n = 5*a + 5*b - 12 - 43, 2*a = 3*b + 47. Let u = a + -13. Is 2 a factor of u?
False
Suppose 4*i - 399 = -2*y - 49, i = 5. Suppose 0 = 3*c - 3*h - y, -c = 2*c + h - 161. Suppose -5*l + 26 = -c. Does 16 divide l?
True
Let t be (-6)/(-10) - 6/(-15). Let w be t*(-10)/(-8)*-4. Let m(u) = 2*u**2 + 5*u - 3. Does 17 divide m(w)?
False
Let o(a) = -a**3 - 7*a**2 + 8*a + 17. Suppose 0 = -3*z - 74 + 50. Is o(z) a multiple of 15?
False
Let y be (9/(-27))/((-1)/54). Let g(x) = 0*x - 12*x - y - 4*x. Is g(-6) a multiple of 26?
True
Let l be 1/((3/(-12))/(-1)). Suppose -a - i + 68 = 0, -281 = -l*a - 2*i + i. Suppose -2*m - 3*m + 4*p + 116 = 0, -p = -3*m + a. Is 6 a factor of m?
True
Let t = 25 - 21. Let s(z) = -z**3 - 2*z**2 + z - 3. Let p be s(-4). Suppose 3*y + p = d, t*d + 3*y - 213 + 38 = 0. Is 10 a factor of d?
True
Suppose -21*i + 28613 = 10*i. Is 13 a factor of i?
True
Suppose -9*j + 29*j - 2440 = 0. Suppose 0*m = -2*m, 2*c - 2*m - j = 0. Does 61 divide c?
True
Let v = -1563 + 2608. Is v a multiple of 52?
False
Suppose -3*j = o - 105, -o + j = 3*j - 110. Does 4 divide o?
True
Suppose -2*x + 4*t + 16 = 2*t, 13 = 2*x - 3*t. Let l(n) = n**2 + 7*n + 2. Let d be l(-8). Let r = d + x. Is r a multiple of 7?
True
Let f(o) = 287*o - 5 - 350*o - 5. Is f(-1) a multiple of 23?
False
Suppose -6 = 3*z - 4*q, 3*z - 2*q + q = 3. Suppose z*s - 156 = 5*s. Let l = -19 - s. Is l a multiple of 7?
False
Let g = -56 + 51. Let a(n) = -n**3 - 2*n**2 + 9*n + 33. Is 9 a factor of a(g)?
True
Let l be ((-63)/14)/((-6)/(-8)). Let t be (l + 4)/(-1) + 2. Suppose z - 22 = -4*v, 4*z = z + t*v + 130. Is z a multiple of 10?
False
Suppose 4*l - 1355 = -5*u, 0 = 29*l - 24*l + 4*u - 1687. Is 3 a factor of l?
False
Suppose 0 = 2*g - g - 76. Suppose 2*t + 5*p = g, 3*p + 115 = 4*t - 89. Does 16 divide t?
True
Is 9/((-18)/(-4)) + 166 a multiple of 14?
True
Suppose -3*w + 30 = -3*c, 2*c - c - 4*w = -25. Let l(q) = q**2 + 5*q + 3. Let d be l(c). Suppose 123 = h + 3*h + 3*g, 94 = d*h + 4*g. Is 10 a factor of h?
True
Suppose -19*u + 9101 = -798. Is u a multiple of 12?
False
Suppose 2*y - 41 = -y + 5*p, 0 = -3*y + 3*p + 39. Suppose y*t - 9*t = 9. Let j = t - 0. Is 2 a factor of j?
False
Let s(m) = -50*m + 6. Let h be s(-5). Is 4/(-14) - h/(-14) a multiple of 5?
False
Let r(w) be the third derivative of w**4/24 + 49*w**3/6 - 15*w**2. Does 25 divide r(0)?
False
Let h(x) = -117*x - 78. Is 39 a factor of h(-11)?
True
Suppose -15*y + 11*y = -40. Is 2/(3*y/1515) a multiple of 26?
False
Let f = 448 - 422. Does 7 divide f?
False
Suppose -2*k + 1100 = -4*l, 4*k - 1127 = 4*l + 1077. Is k a multiple of 30?
False
Suppose -3*c - 4*c = -77. Suppose z - 6*z = w - c, -2*z = -5*w + 136. Is 4 a factor of w?
False
Let k = 26 + -21. Let i = 47 + k. Is 13 a factor of i?
True
Let m = 309 + 1147. Is m a multiple of 16?
True
Let q(t) = -4*t**3 + 6*t**2 + 15*t + 24. Let c(o) = 5*o**3 - 5*o**2 - 15*o - 24. Let u(b) = 5*c(b) + 6*q(b). Is u(-8) a multiple of 16?
True
Let p(g) = -g**3 + 14*g**2 - 17*g + 12. Let z be p(13). Let y be ((-345)/20)/(6/z). Is 11 a factor of y/(-10)*-2*1?
False
Let j = 113 - -115. Let y = j - 143. Does 17 divide y?
True
Let p = 765 - 726. Is 4 a factor of p?
False
Let o = 38 + -46. Does 10 divide (-6)/(-4) - 6*98/o?
False
Suppose v - 3*w - 2499 = 5*v, 3*v + 1848 = 3*w. Let j be 7/28 - v/12. Suppose 3*u = -u + j. Is 13 a factor of u?
True
Let m = 76 + -44. Let d(v) = v**3 - 13*v**2 + 28*v - 18. Let f be d(11). Let q = f - m. Does 16 divide q?
True
Let p = -35 + 57. Let v = p - -13. Suppose 0 = 2*y - 19 - v. Does 9 divide y?
True
Let i = 57 - 57. Suppose i = -12*k + 6*k + 168. Is k a multiple of 7?
True
Let o(h) = -h**3 + 26*h**2 - 16*h - 30. Is o(25) a multiple of 13?
True
Suppose 0 = -4*q - v + 4, 4*q + 0*q - 20 = -5*v. Suppose -2*u + 3*u - 3 = q. Suppose 4*f - 59 = -u*o - 0*o, -3*o + 2*f = -47. Is 12 a factor of o?
False
Let l(u) = -u**2 + 11*u + 7. Let c be l(9). Let b = 29 - c. Let x = 16 - b. Is x a multiple of 12?
True
Let s = -280 - -510. Is s a multiple of 10?
True
Suppose 0 = 2*d + 3*r - 557, d + 5*r = 2*d - 311. Is d a multiple of 10?
False
Let t(c) be the first derivative of -3/2*c**2 + 10/3*c**3 + 3 + 3*c. Is 9 a factor of t(2)?
False
Let d(x) = 5*x**2 + 6*x + 10. Let r be d(-11). Let u = r + -373. Does 40 divide u?
False
Let w(u) = 2*u**2 + 2*u. Let s be w(0). Suppose h - 20 - 10 = s. Does 14 divide h?
False
Suppose -106*h = -105*h - 80. Is h a multiple of 3?
False
Suppose -19*m = -8246 - 1976. Is 46 a factor of m?
False
Suppose 3*f - 6 = r - 2*r, 4*r - 15 = -3*f. Let v(w) = w**3 + 5*w**2 - 2*w + 1. Does 7 divide v(r)?
False
Let s = 96 + -224. Is (-3 + 0)*s/6 a multiple of 16?
True
Suppose -i - 24 = 5*s - 1, -5*i - 5 = 3*s. Suppose 0 = o + i*o + 6. Does 9 divide (-7 + -7)/(1/o)?
False
Suppose 0 = -11*f + 16*f - 34100. Is f/66 + 2/3 a multiple of 17?
False
Let z(l) = 95*l**2 + 87*l - 27. Is 135 a factor of z(6)?
True
Suppose -662 - 243 = -5*z. Is 11 a factor of z?
False
Is 98 a factor of 1 - (-4)/(-1) - (-371 + -38)?
False
Suppose 2*l - 4*a - 2560 = 0, 3 - 8 = -a. Does 82 divide l?
False
Let x(y) = y**2 + 2*y - 15. Let n be x(-3). Let s = 16 + n. Does 4 divide s?
True
Is 41 a factor of (52/(-8) + 6)*12 - -990?
True
Let p = 26 - 39. Let j = p - 5. Let s = 26 + j. Is 5 a factor of s?
False
Let t = -1 - -1. Let u = 278 - 265. Let w = t + u. Is w a multiple of 13?
True
Suppose -8*f + 10*f = 0. Let a(l) be the second derivative of -l**3/6 + 12*l**2 - l. Is 8 a factor of a(f)?
True
Suppose -4*v + 11486 = 2*n, 2*v + 3*v + 5*n = 14345. Does 90 divide v?
False
Suppose -3*c + 79 = 5*w, c - 51 + 8 = -5*w. Suppose 0 = -8*g + c*g - 120. Is 12 a factor of g?
True
Is (-61632)/(-120) + (-3)/5 a multiple of 6?
False
